e the highest common divisor of 63 and 317889.
9
Calculate the greatest common divisor of 3602399 and 1374.
229
Calculate the highest common divisor of 38611 and 687.
1
Calculate the greatest common divisor of 15 and 56748165.
15
What is the greatest common divisor of 7129092 and 60?
12
What is the greatest common divisor of 162651170 and 2915?
2915
Calculate the greatest common divisor of 14125 and 3199125.
125
What is the greatest common factor of 261374152 and 28340?
5668
What is the highest common factor of 8006192 and 208?
16
What is the highest common factor of 1754302 and 5566?
506
Calculate the highest common factor of 3500 and 29427250.
250
What is the greatest common factor of 11 and 228749158?
11
What is the highest common factor of 28169078 and 3304?
826
What is the greatest common divisor of 6470088 and 6816?
1704
What is the highest common factor of 26235 and 994492?
53
What is the highest common divisor of 26832447 and 18?
9
Calculate the greatest common divisor of 2064931925 and 13550.
6775
Calculate the highest common divisor of 2602053 and 1179.
1179
Calculate the greatest common factor of 21588 and 198140832.
3084
What is the greatest common divisor of 12 and 2882973?
3
Calculate the greatest common divisor of 800 and 1928496.
16
Calculate the highest common divisor of 1060 and 5062825.
265
What is the highest common divisor of 79887816 and 8208?
216
Calculate the highest common divisor of 429 and 32280941.
11
What is the greatest common divisor of 364 and 278642?
182
What is the greatest common divisor of 126 and 2658997404?
126
What is the greatest common factor of 1659588 and 14603?
859
What is the greatest common factor of 5375 and 1298153875?
5375
Calculate the greatest common divisor of 60 and 2910140.
20
What is the greatest common factor of 42101214 and 43?
43
Calculate the highest common factor of 8091396 and 7654.
86
Calculate the highest common factor of 179631 and 13149.
27
Calculate the greatest common divisor of 6060 and 10821948.
1212
Calculate the greatest common factor of 568 and 1119742136.
568
What is the highest common divisor of 6082090 and 6650?
1330
Calculate the highest common divisor of 112819 and 1731548.
497
Calculate the highest common divisor of 742 and 10902.
2
What is the highest common factor of 48203740 and 130?
130
What is the highest common factor of 465291062 and 1502?
1502
What is the highest common divisor of 1539000 and 36860?
380
Calculate the highest common factor of 17607504 and 13206.
186
What is the highest common factor of 385 and 308525?
35
Calculate the greatest common factor of 1250 and 146752.
2
Calculate the highest common divisor of 13453 and 3652.
11
What is the greatest common divisor of 21112 and 425425?
91
Calculate the highest common factor of 1519980 and 3666180.
2940
Calculate the highest common divisor of 192049 and 454487.
869
What is the highest common factor of 73763662 and 301?
301
What is the greatest common divisor of 1103812 and 11556?
428
What is the highest common factor of 10241 and 3619385?
539
Calculate the highest common divisor of 9872560 and 500.
20
What is the greatest common divisor of 1346270 and 8540?
610
What is the greatest common divisor of 70 and 128874942?
14
Calculate the highest common divisor of 105070 and 125610.
790
Calculate the highest common divisor of 14495814 and 231369.
993
What is the greatest common divisor of 493298 and 6656?
26
Calculate the greatest common divisor of 126 and 1352574.
18
Calculate the greatest common divisor of 448244 and 36.
4
Calculate the greatest common divisor of 2570 and 1268540.
10
What is the greatest common factor of 955 and 1538815375?
955
Calculate the greatest common divisor of 2271 and 16583599.
757
What is the greatest common divisor of 419 and 21640093?
419
Calculate the greatest common divisor of 678 and 6750846.
678
Calculate the highest common factor of 4042129 and 46956.
3913
Calculate the greatest common divisor of 1816 and 158266216.
1816
Calculate the greatest common factor of 80 and 43977470.
10
Calculate the greatest common factor of 2110791 and 95236.
821
What is the highest common divisor of 16545872 and 1400?
56
What is the greatest common divisor of 287 and 103594700?
41
What is the greatest common factor of 2980 and 99740?
20
What is the greatest common divisor of 326838 and 2330749?
1159
What is the highest common factor of 3678237 and 3186?
1593
Calculate the highest common factor of 53685082 and 18802.
2686
Calculate the greatest common divisor of 68772 and 262768.
44
Calculate the greatest common divisor of 21150 and 152199630.
4230
What is the highest common factor of 12195 and 15881955?
4065
What is the highest common factor of 75324410 and 10?
10
What is the highest common factor of 420 and 47068980?
420
What is the highest common divisor of 24 and 2719904?
8
Calculate the greatest common factor of 547144 and 1300.
52
Calculate the highest common divisor of 25824 and 35652184.
2152
What is the greatest common factor of 53385 and 21225?
15
What is the highest common divisor of 5754222 and 72?
18
What is the greatest common factor of 9 and 3628638?
9
Calculate the greatest common factor of 5695 and 11005.
5
Calculate the highest common factor of 1349 and 2364300.
71
Calculate the highest common factor of 56 and 283201422.
14
Calculate the greatest common divisor of 9310 and 2125207.
133
What is the greatest common factor of 117889296 and 2352?
2352
What is the greatest common divisor of 186 and 16326150?
186
What is the greatest common divisor of 260 and 824924?
4
What is the highest common factor of 57279152 and 112?
112
What is the highest common factor of 21675328 and 40?
8
What is the highest common factor of 46476 and 127055056?
5164
Calculate the greatest common factor of 3364728363 and 10683.
10683
Calculate the highest common factor of 600 and 118404420.
60
Calculate the greatest common divisor of 4 and 6850289.
1
Calculate the greatest common factor of 599240 and 78668.
284
What is the greatest common factor of 38124832 and 11008?
1376
What is the highest common divisor of 6792 and 3227332?
1132
Calculate the greatest common factor of 148 and 412794126.
74
Calculate the greatest common divisor of 1332692 and 52392.
236
Calculate the highest common divisor of 1698715990 and 8308.
4154
What is the greatest common divisor of 5 and 397332235?
5
What is the highest common factor of 28534330 and 41140?
1870
What is the greatest common factor of 67871 and 134?
67
Calculate the highest common factor of 24803 and 3669.
1
What is the highest common divisor of 15876 and 3275964?
324
What is the greatest common factor of 3236744 and 4508?
4508
What is the highest common factor of 94828366 and 8984?
2246
What is the greatest common divisor of 942444 and 8084?
188
What is the greatest common factor of 480 and 14161740?
60
What is the highest common factor of 7729575 and 4375?
175
Calculate the greatest common factor of 995 and 9718165.
995
Calculate the highest common factor of 8369408 and 768.
256
What is the greatest common factor of 4480 and 97615?
35
What is the highest common factor of 24 and 2196648?
24
What is the greatest common divisor of 13029078 and 5139?
1713
What is the greatest common factor of 1426 and 886179857?
713
Calculate the greatest common divisor of 70 and 294720412.
14
What is the greatest common divisor of 53353890 and 5265?
405
What is the greatest common divisor of 1040 and 11832990?
130
Calculate the greatest common divisor of 2224 and 6012584.
1112
Calculate the highest common divisor of 20247 and 1473267.
1191
Calculate the highest common factor of 25864475 and 34125.
2275
What is the highest common divisor of 138 and 213670?
46
What is the greatest common divisor of 1068 and 261003180?
1068
What is the greatest common factor of 11213662 and 18659?
397
What is the highest common divisor of 132241694 and 104?
26
Calculate the greatest common divisor of 91187938 and 268.
134
What is the highest common factor of 1188612 and 54663?
411
Calculate the highest common divisor of 1269426 and 534.
6
What is the highest common factor of 800 and 101589?
1
Calculate the greatest common factor of 1205204 and 44.
44
What is the greatest common divisor of 539660 an